ed by l.
9
Suppose -d = 4*d + 2*d. Suppose 0 = -3*y + l + 74, d*l = y - 3*l - 22. Let k = -24 + 38. Calculate the remainder when y is divided by k.
11
Suppose 2*v + 60 = 4*u, -2*u + 26 = -6*v + 3*v. Let m = u - 4. Calculate the remainder when m is divided by 4.
0
Let s(k) = k**2 + 16*k + 37. What is the remainder when 43 is divided by s(-15)?
21
Let r = -152 + 220. What is the remainder when 335 is divided by r?
63
Let o(h) = h**2 - 2*h - 24. What is the remainder when o(-5) is divided by (13 - (0 - 1)) + -3?
0
Let a(j) = j - 11. Let t be a(7). Calculate the remainder when (-1815)/(-27) + t/18 is divided by 17.
16
Let r(l) be the third derivative of -l**4/12 + l**2. Suppose 13*f + 19*f = -64. Calculate the remainder when r(f) is divided by 2.
0
Let s(y) = y**2 + 6*y - 34. Calculate the remainder when s(-17) is divided by 14.
13
Suppose 5*u = -25, j - 28*u + 33*u - 21 = 0. Let n = -14 - -22. What is the remainder when j is divided by n?
6
Let t(a) = 3*a + 7. What is the remainder when 147 is divided by t(10)?
36
Let j = 2 - 2. Suppose j*l = 3*l - 45. Calculate the remainder when (-1)/((-2)/2) + 57 is divided by l.
13
Calculate the remainder when (285/(-2))/(1*3/(-4)) is divided by 10.
0
Let h = 121 - -30. What is the remainder when h is divided by 11?
8
Let y(f) = -f**3 - 41*f**2 + 86*f + 15. What is the remainder when 170 is divided by y(-43)?
5
Suppose -28*m = -5*m - 276. Calculate the remainder when 34 is divided by m.
10
Suppose 2*w - 289 = -5*k, -4*k + 5*w + 275 = k. Suppose -93 = -5*o + k. What is the remainder when o is divided by 7?
2
Suppose n + 3*r = 9, -3*n - 2*n + 33 = 3*r. Let m = -159 - -174. What is the remainder when m is divided by n?
3
Let q = 21 + -15. Suppose 0 = q*k - 11*k + 305. Let s(j) = 2*j + 2. Calculate the remainder when k is divided by s(7).
13
Let h = 34 - 30. Suppose -156 = -3*g - 3*x, -5*g + h*x - 3*x = -266. What is the remainder when g is divided by (-7 - 0)*-1*2?
11
Let k(a) = a**3 - 34*a**2 + 63*a + 47. Calculate the remainder when 59 is divided by k(32).
14
Suppose 0 = 36*h - 145*h + 9374. What is the remainder when 599 is divided by h?
83
Let d(t) = 4*t - 10. Calculate the remainder when 23 is divided by d(7).
5
Suppose -3*y = -5*c - 51, y - 22*c = -19*c + 13. What is the remainder when 348 is divided by y?
18
Let v = 1089 + -1058. Calculate the remainder when 74 is divided by v.
12
What is the remainder when ((-230)/8)/((-16)/64) is divided by 56?
3
Let h(s) = -s**2 - 9*s - 5. Let c be h(-4). Suppose -18*a = -15*a - c. Calculate the remainder when 22 is divided by a.
2
Suppose -3*i + 27 = -3*u, 5*i - 3*u + 7*u = 9. Let w = -18 - -41. Calculate the remainder when w is divided by i.
3
Let l = -462 - -489. Calculate the remainder when l is divided by 16.
11
Suppose 0 = 4*q - 2*z + 56, -5*z = 5*q - 10*q - 80. What is the remainder when 3 + q*2/(-1) is divided by 15?
12
Let j(y) = 7*y. Calculate the remainder when ((-180)/16)/((-10)/48) is divided by j(2).
12
Suppose -6*q = -3*q + 42. Let z = -7 - q. Suppose 22 = d + z. Calculate the remainder when d is divided by 4.
3
Let a(d) = 8*d**2 + 1. Calculate the remainder when a(2) is divided by (-6)/27*1 + (-6724)/(-369).
15
Suppose -7*y + 28 = -0*y. Let w(n) = -n**3 - 9*n**2 + 20*n - 21. What is the remainder when y is divided by w(-11)?
0
Let k = -1 - -3. Let d = 14 - 12. Suppose -c + 0*c - 4 = 0, d*s - 2*c = 10. What is the remainder when k is divided by s?
0
Suppose -2*v = -v - 1. Let g be -1*v/((-4)/12). Suppose -4*f + g*p + 29 = 0, 0 = 4*p + p - 5. What is the remainder when f is divided by 5?
3
Suppose 4*u + 4*i = 180, 2*u - 69 = -0*i + 5*i. What is the remainder when 1004 is divided by u?
38
Let b = -3 - -131. Let i = -117 + b. What is the remainder when 46 is divided by i?
2
Suppose -5*h - 188 = -558. Calculate the remainder when h is divided by 6.
2
Let t = 269 + -152. Suppose 32 - 252 = -20*w. Calculate the remainder when t is divided by w.
7
Let a = 84 + -110. Let q = a + 45. What is the remainder when 72 is divided by q?
15
Let z(a) = -7*a**2 - 127*a + 5. Calculate the remainder when 850 is divided by z(-18).
22
Let c(i) = 8*i - 19*i - i**3 + 12 + 3*i**2 - 8*i**2 - 8*i**2. Let k be c(-12). Suppose -q + 5*q - 132 = k. What is the remainder when q is divided by 12?
9
Let t(q) = -q - 2. Let f be t(-4). Suppose 3*u - 299 = -f*b, -u + 80 + 23 = -b. Calculate the remainder when u is divided by (-820)/(-25) + -7 - 1/(-5).
23
Let m = -895 + 900. Suppose -2*s - 21 - 7 = 0. Let i = s - -26. What is the remainder when i is divided by m?
2
Let c(x) = -5*x - 8. Let w be c(-8). Let g = -23 + w. Calculate the remainder when 42 is divided by g.
6
Suppose -3*i - 31 - 8 = -a, -157 = -3*a - i. What is the remainder when 150 is divided by a?
48
Suppose j - 4 = -3*j, 7 = i + j. Suppose 16 = -m - 4. Let g = 2 - m. Calculate the remainder when g is divided by i.
4
Let c(z) = 24*z + z**2 - 7 - 2*z**2 - 5*z - 2. Suppose -39 = -4*i + i. What is the remainder when c(i) is divided by 18?
15
Let l = -8 - -11. Suppose 93*k + 87 - 44 - 322 = 0. Calculate the remainder when k is divided by l.
0
Let g = 2000 - 937. What is the remainder when g is divided by 13?
10
What is the remainder when ((-645)/25 + -7)/(1/(-5)) is divided by 24?
20
Let t(b) = -b - 28. Let s be t(-20). Let c(l) = -6 + 0 - 13*l - 9. Calculate the remainder when c(s) is divided by 23.
20
Let n(y) = -4*y + 16. Suppose 20 = -10*m + 6*m. Calculate the remainder when n(m) is divided by (-2)/4*2 - -14.
10
Let t(o) = -74*o**3 - 3*o**2 - 47*o - 45. Calculate the remainder when 248 is divided by t(-1).
29
Let b = -1099 + 1206. What is the remainder when 332 is divided by b?
11
Let n be 4 + (-22)/5 - (-504)/10. Suppose -10*c + 220 = n. What is the remainder when 38 is divided by c?
4
Let k(i) = -6*i + 44. Suppose -5*f - 3*p + 51 = 0, -9 = -2*f - 2*p + 13. What is the remainder when k(0) is divided by f?
8
Suppose -1392 = -35*w + 11*w. Calculate the remainder when w is divided by 12.
10
Suppose 0 = 4*q + 44 + 20. Let f be 7 + q/((-16)/(-4)). Suppose 2*l + 26 = 3*l - 4*p, f*p = -9. Calculate the remainder when 69 is divided by l.
13
Suppose 0 = 2*t - 5*p - 23, 3*p - 30 = -2*t + 1. Calculate the remainder when (23/(-3))/((-3)/54) is divided by t.
12
Suppose 4*l + 0 - 4 = 0, 0 = -4*j + l + 151. Suppose y = 2*f + 20, 0*y + j = -4*f + y. What is the remainder when 18 - 5/((-15)/f) is divided by 4?
3
Let j = 6 + -6. Suppose j = 3*l - 6, -n = -6*n + 4*l + 97. Let w = -17 + n. Calculate the remainder when w is divided by 3.
1
Let t be -1 + -1 - (-4 - -2). Let i be (3/6)/((-2)/(-4)). Calculate the remainder when 2 is divided by -3 - (t - 5)*i.
0
What is the remainder when 178 is divided by (-129)/(-4) + 3/(-12)?
18
Let v = -29 - -31. Suppose v*p = -0*p - 3*f + 78, -3*p - f = -124. Calculate the remainder when p is divided by 5.
2
Suppose 0 = 3*g - 2*y - 699, -5*g - 9*y + 5*y + 1187 = 0. What is the remainder when g is divided by 49?
39
Let g = 61 - -1. Suppose 4*m = 2*m + g. Let l(h) = h**3 + 4*h**2 + 7*h + 20. Calculate the remainder when m is divided by l(-3).
7
Let s = -71 + 87. Suppose 0 = -5*w + 3*w + s. What is the remainder when 21 is divided by w?
5
Calculate the remainder when 1323 is divided by (-1326)/(-104) + ((-15)/4 - -4).
10
Let g(y) = y**3 + 21*y**2 + 12*y + 19. Calculate the remainder when g(-20) is divided by 84.
11
Let w(i) = -2*i**3 - 14*i**2 + 15*i + 28. Let d be w(-8). Let j = d + -27. What is the remainder when j is divided by 5?
4
Let q = -109 + 70. Suppose 3*w = 2*n + 250 - 90, 3*n - 292 = -5*w. What is the remainder when w is divided by (-1 - q)*(-2)/(-4)?
18
Let m be 1*(4 + -4) + 0. Suppose -5*c + 3*c + 18 = m. What is the remainder when 43 is divided by c/12 + 114/8?
13
Let x = -177 - -201. What is the remainder when 139/3 + (-3)/9 is divided by x?
22
Let n = 870 - -161. What is the remainder when n is divided by 11?
8
What is the remainder when 614 is divided by -3 + 68/24 + 337/6?
54
Suppose 4*y = 5*p - 455, p - 175 = -p + 3*y. Calculate the remainder when p is divided by 25.
20
Suppose q = -74 + 26. Let n = 146 - 216. Let t = q - n. Calculate the remainder when 87 is divided by t.
21
Let h(m) be the second derivative of -m**4/3 + m**3/3 + 2*m**2 + m. Let p be h(-5). Let c = -21 - p. Calculate the rema